at is the remainder when 1243 is divided by 15?
13
What is the remainder when 1990 is divided by 656?
22
What is the remainder when 1860 is divided by 72?
60
Calculate the remainder when 337 is divided by 58.
47
Calculate the remainder when 50 is divided by 36.
14
What is the remainder when 375 is divided by 21?
18
Calculate the remainder when 5415 is divided by 42.
39
What is the remainder when 317 is divided by 69?
41
What is the remainder when 2307 is divided by 34?
29
What is the remainder when 766 is divided by 24?
22
What is the remainder when 417 is divided by 105?
102
What is the remainder when 713 is divided by 104?
89
What is the remainder when 148 is divided by 7?
1
Calculate the remainder when 14926 is divided by 59.
58
What is the remainder when 42 is divided by 4?
2
Calculate the remainder when 219 is divided by 44.
43
What is the remainder when 5676 is divided by 12?
0
What is the remainder when 6084 is divided by 95?
4
Calculate the remainder when 315 is divided by 17.
9
What is the remainder when 70 is divided by 41?
29
Calculate the remainder when 125 is divided by 42.
41
What is the remainder when 69 is divided by 14?
13
Calculate the remainder when 6 is divided by 5.
1
What is the remainder when 1286 is divided by 28?
26
Calculate the remainder when 601 is divided by 419.
182
What is the remainder when 4874 is divided by 32?
10
What is the remainder when 2946 is divided by 44?
42
What is the remainder when 310 is divided by 51?
4
What is the remainder when 83 is divided by 45?
38
Calculate the remainder when 113 is divided by 4.
1
What is the remainder when 5043 is divided by 504?
3
What is the remainder when 7475 is divided by 267?
266
Calculate the remainder when 562 is divided by 141.
139
Calculate the remainder when 63 is divided by 13.
11
Calculate the remainder when 831 is divided by 141.
126
What is the remainder when 143 is divided by 80?
63
Calculate the remainder when 520 is divided by 250.
20
What is the remainder when 536 is divided by 61?
48
What is the remainder when 2894 is divided by 69?
65
Calculate the remainder when 575 is divided by 73.
64
Calculate the remainder when 1179 is divided by 1164.
15
What is the remainder when 178 is divided by 3?
1
What is the remainder when 133 is divided by 23?
18
Calculate the remainder when 787 is divided by 32.
19
Calculate the remainder when 559 is divided by 33.
31
What is the remainder when 294 is divided by 100?
94
Calculate the remainder when 183 is divided by 99.
84
What is the remainder when 588 is divided by 53?
5
Calculate the remainder when 95 is divided by 49.
46
Calculate the remainder when 1504 is divided by 34.
8
Calculate the remainder when 395 is divided by 11.
10
What is the remainder when 132 is divided by 2?
0
What is the remainder when 897 is divided by 10?
7
Calculate the remainder when 886 is divided by 74.
72
What is the remainder when 396 is divided by 105?
81
What is the remainder when 74 is divided by 17?
6
Calculate the remainder when 239 is divided by 30.
29
Calculate the remainder when 28 is divided by 15.
13
What is the remainder when 1754 is divided by 195?
194
What is the remainder when 2043 is divided by 66?
63
Calculate the remainder when 150 is divided by 7.
3
What is the remainder when 286 is divided by 63?
34
Calculate the remainder when 2474 is divided by 488.
34
Calculate the remainder when 180 is divided by 33.
15
What is the remainder when 2296 is divided by 470?
416
What is the remainder when 5287 is divided by 21?
16
What is the remainder when 118 is divided by 20?
18
What is the remainder when 2106 is divided by 33?
27
What is the remainder when 2594 is divided by 235?
9
Calculate the remainder when 4404 is divided by 39.
36
Calculate the remainder when 608 is divided by 604.
4
What is the remainder when 8905 is divided by 330?
325
Calculate the remainder when 169 is divided by 17.
16
What is the remainder when 92 is divided by 32?
28
Calculate the remainder when 2156 is divided by 120.
116
Calculate the remainder when 8497 is divided by 35.
27
What is the remainder when 493 is divided by 14?
3
What is the remainder when 184 is divided by 44?
8
What is the remainder when 261 is divided by 12?
9
Calculate the remainder when 1542 is divided by 26.
8
What is the remainder when 2087 is divided by 115?
17
What is the remainder when 16 is divided by 15?
1
What is the remainder when 273 is divided by 11?
9
Calculate the remainder when 23263 is divided by 15.
13
What is the remainder when 33 is divided by 2?
1
What is the remainder when 414 is divided by 8?
6
What is the remainder when 6208 is divided by 9?
7
What is the remainder when 284 is divided by 8?
4
What is the remainder when 1897 is divided by 632?
1
Calculate the remainder when 59039 is divided by 45.
44
Calculate the remainder when 1271 is divided by 4.
3
What is the remainder when 421 is divided by 85?
81
Calculate the remainder when 220 is divided by 28.
24
Calculate the remainder when 300 is divided by 5.
0
What is the remainder when 2160 is divided by 103?
100
What is the remainder when 1272 is divided by 17?
14
What is the remainder when 387 is divided by 50?
37
Calculate the remainder when 261 is divided by 22.
19
Calculate the remainder when 137 is divided by 65.
7
What is the remainder when 316 is divided by 65?
56
What is the remainder when 312 is divided by 178?
134
Calculate the remainder when 390 is divided by 67.
55
What is the remainder when 303 is divided by 16?
15
What is the remainder when 3373 is divided by 125?
123
What is the remainder when 196 is divided by 16?
4
Calculate the remainder when 9 is divided by 1.
0
What is the remainder when 892 is divided by 223?
0
Calculate the remainder when 19 is divided by 2.
1
What is the remainder when 961 is divided by 950?
11
Calculate the remainder when 101 is divided by 7.
3
Calculate the remainder when 176 is divided by 50.
26
What is the remainder when 403 is divided by 11?
7
Calculate the remainder when 324 is divided by 83.
75
Calculate the remainder when 335 is divided by 48.
47
Calculate the remainder when 414 is divided by 236.
178
What is the remainder when 244 is divided by 13?
10
What is the remainder when 1023 is divided by 64?
63
What is the remainder when 198 is divided by 61?
15
Calculate the remainder when 195 is divided by 14.
13
What is the remainder when 8607 is divided by 15?
12
What is the remainder when 738 is divided by 13?
10
Calculate the remainder when 1657 is divided by 14.
5
What is the remainder when 378 is divided by 127?
124
What is the remainder when 236 is divided by 73?
17
Calculate the remainder when 982 is divided by 45.
37
Calculate the remainder when 46 is divided by 4.
2
What is the remainder when 259 is divided by 97?
65
Calculate the remainder when 436 is divided by 28.
16
Calculate the remainder when 193 is divided by 28.
25
What is the remainder when 2440 is divided by 1220?
0
What is the remainder when 536 is divided by 11?
8
Calculate the remainder when 1237 is divided by 1229.
8
What is the remainder when 1522 is divided by 498?
28
Calculate the remainder when 140 is divided by 20.
0
What is the remainder when 9079 is divided by 15?
4
Calculate the remainder when 4548 is divided by 66.
60
What is the remainder when 121 is divided by 15?
1
Calculate the remainder when 3569 is divided by 170.
169
What is the remainder when 839 is divided by 219?
182
What is the remainder when 647 is divided by 10?
7
What is the remainder when 41 is divided by 7?
6
Calculate the remainder when 1504 is divided by 11.
8
Calculate the remainder when 293 is divided by 60.
53
Calculate the remainder when 49 is divided by 6.
1
Calculate the remainder when 2795 is divided by 140.
135
What is the remainder when 2627 is divided by 848?
83
What is the remainder when 33 is divided by 19?
14
What is the remainder when 1319 is divided by 109?
11
What is the remainder when 94 is divided by 40?
14
Calculate the remainder when 3160 is divided by 51.
49
Calculate the remainder when 215 is divided by 44.
39
Calculate the remainder when 354 is divided by 71.
70
Calculate the remainder when 20293 is divided by 59.
56
What is the remainder when 1079 is divided by 34?
25
What is the remainder when 113 i